{"id":40155,"date":"2024-12-12T17:27:37","date_gmt":"2024-12-12T20:27:37","guid":{"rendered":"https:\/\/4linux.com.br\/cursos\/?page_id=40155"},"modified":"2025-08-08T13:47:03","modified_gmt":"2025-08-08T16:47:03","slug":"carreira-ti-salario-em-alta-bem-pagas","status":"publish","type":"page","link":"https:\/\/4linux.com.br\/cursos\/carreira-ti-salario-em-alta-bem-pagas\/","title":{"rendered":"Evolu\u00e7\u00e3o de Carreira"},"content":{"rendered":"\t\t<div data-elementor-type=\"wp-page\" data-elementor-id=\"40155\" class=\"elementor elementor-40155\" data-elementor-post-type=\"page\">\n\t\t\t\t<section class=\"elementor-element elementor-element-36d019e s-hero e-flex e-con-boxed e-con e-parent\" data-id=\"36d019e\" data-element_type=\"container\" data-e-type=\"container\" data-settings=\"{&quot;background_background&quot;:&quot;classic&quot;}\">\n\t\t\t\t\t<div class=\"e-con-inner\">\n\t\t<div class=\"elementor-element elementor-element-9f72981 e-con-full e-flex e-con e-child\" data-id=\"9f72981\" data-element_type=\"container\" data-e-type=\"container\">\n\t\t\t\t<div class=\"elementor-element elementor-element-dd6e203 elementor-widget elementor-widget-image-box\" data-id=\"dd6e203\" data-element_type=\"widget\" data-e-type=\"widget\" data-widget_type=\"image-box.default\">\n\t\t\t\t<div class=\"elementor-widget-container\">\n\t\t\t\t\t<div class=\"elementor-image-box-wrapper\"><div class=\"elementor-image-box-content\"><h1 class=\"elementor-image-box-title\">Os cursos da 4Linux te preparam para as carreiras mais disputadas do mercado de TI. <\/h1><p class=\"elementor-image-box-description\">\nE prepara de verdade! <Br><br>Com +20 anos, +200 mil profissionais formados e +5 mil empresas capacitadas, a 4Linux entrega curso pr\u00e1tico, certificado reconhecido e conex\u00e3o real com o mercado de trabalho. <br><Br><b>Sem enrola\u00e7\u00e3o. S\u00f3 resultado\n<br><br><\/b>\n\nConhe\u00e7a abaixo o Guia de Carreiras (<i>$$ inclusive com sal\u00e1rios de refer\u00eancia $$<\/I>) e os cursos da 4Linux que te preparam para cada uma delas.<\/p><\/div><\/div>\t\t\t\t<\/div>\n\t\t\t\t<\/div>\n\t\t\t\t<\/div>\n\t\t<div class=\"elementor-element elementor-element-932d02c e-con-full e-flex e-con e-child\" data-id=\"932d02c\" data-element_type=\"container\" data-e-type=\"container\">\n\t\t\t\t<div class=\"elementor-element elementor-element-1354bc3 elementor-widget elementor-widget-image\" data-id=\"1354bc3\" data-element_type=\"widget\" data-e-type=\"widget\" data-widget_type=\"image.default\">\n\t\t\t\t<div class=\"elementor-widget-container\">\n\t\t\t\t\t\t\t\t\t\t\t\t\t\t\t<img fetchpriority=\"high\" decoding=\"async\" width=\"518\" height=\"640\" src=\"https:\/\/4linux.com.br\/cursos\/wp-content\/uploads\/sites\/2\/2024\/12\/hero-img-1.webp\" class=\"attachment-large size-large wp-image-40160\" alt=\"\" srcset=\"https:\/\/4linux.com.br\/cursos\/wp-content\/uploads\/sites\/2\/2024\/12\/hero-img-1.webp 518w, https:\/\/4linux.com.br\/cursos\/wp-content\/uploads\/sites\/2\/2024\/12\/hero-img-1-243x300.webp 243w\" sizes=\"(max-width: 518px) 100vw, 518px\" \/>\t\t\t\t\t\t\t\t\t\t\t\t\t\t\t<\/div>\n\t\t\t\t<\/div>\n\t\t\t\t<\/div>\n\t\t\t\t\t<\/div>\n\t\t\t\t<\/section>\n\t\t<section class=\"elementor-element elementor-element-8f9aea5 s-carreiras e-flex e-con-boxed e-con e-parent\" data-id=\"8f9aea5\" data-element_type=\"container\" data-e-type=\"container\" data-settings=\"{&quot;background_background&quot;:&quot;classic&quot;}\">\n\t\t\t\t\t<div class=\"e-con-inner\">\n\t\t<div class=\"elementor-element elementor-element-10fb4fd e-con-full e-flex e-con e-child\" data-id=\"10fb4fd\" data-element_type=\"container\" data-e-type=\"container\">\n\t\t\t\t<div class=\"elementor-element elementor-element-2b3c406 elementor-widget__width-initial elementor-widget elementor-widget-heading\" data-id=\"2b3c406\" data-element_type=\"widget\" data-e-type=\"widget\" data-widget_type=\"heading.default\">\n\t\t\t\t<div class=\"elementor-widget-container\">\n\t\t\t\t\t<h2 class=\"elementor-heading-title elementor-size-default\">Transforme seu futuro com o roteiro de carreira 4Linux<\/h2>\t\t\t\t<\/div>\n\t\t\t\t<\/div>\n\t\t\t\t<div class=\"elementor-element elementor-element-9167730 elementor-widget__width-initial elementor-widget elementor-widget-heading\" data-id=\"9167730\" data-element_type=\"widget\" data-e-type=\"widget\" data-widget_type=\"heading.default\">\n\t\t\t\t<div class=\"elementor-widget-container\">\n\t\t\t\t\t<span class=\"elementor-heading-title elementor-size-default\">Conhe\u00e7a os caminhos. Transforme seu futuro.<\/span>\t\t\t\t<\/div>\n\t\t\t\t<\/div>\n\t\t\t\t<\/div>\n\t\t<div class=\"elementor-element elementor-element-fa1e2fc e-con-full e-flex e-con e-child\" data-id=\"fa1e2fc\" data-element_type=\"container\" data-e-type=\"container\">\n\t\t\t\t<div class=\"elementor-element elementor-element-2cebade elementor-widget elementor-widget-shortcode\" data-id=\"2cebade\" data-element_type=\"widget\" data-e-type=\"widget\" data-widget_type=\"shortcode.default\">\n\t\t\t\t<div class=\"elementor-widget-container\">\n\t\t\t\t\t\t\t<div class=\"elementor-shortcode\"><\/div>\n\t\t\t\t\t\t<\/div>\n\t\t\t\t<\/div>\n\t\t\t\t<div class=\"elementor-element elementor-element-8faa06a elementor-widget elementor-widget-html\" data-id=\"8faa06a\" data-element_type=\"widget\" data-e-type=\"widget\" data-widget_type=\"html.default\">\n\t\t\t\t<div class=\"elementor-widget-container\">\n\t\t\t\t\t<script>\n    var accordion = document.getElementById('js-faq');\nvar containerFAQ = document.querySelectorAll('.item-faq');\n\nfor (var i = 0; i < containerFAQ.length; i++) {\n    var faqHead = containerFAQ[i].querySelector('.faq-head');\n    \n    faqHead.onclick = function () {\n        var parentItem = this.parentElement; \n        for (var element = 0; element < containerFAQ.length; element++) {\n            if (containerFAQ[element] !== parentItem) {\n                containerFAQ[element].classList.remove('active');\n            }\n        }\n        parentItem.classList.toggle('active');\n    };\n}\n\n<\/script>\t\t\t\t<\/div>\n\t\t\t\t<\/div>\n\t\t\t\t<\/div>\n\t\t\t\t\t<\/div>\n\t\t\t\t<\/section>\n\t\t\t\t<\/div>\n\t\t","protected":false},"excerpt":{"rendered":"<p>Os cursos da 4Linux te preparam para as carreiras mais disputadas do mercado de TI. E prepara de verdade! Com +20 anos, +200 mil profissionais formados e +5 mil empresas capacitadas, a 4Linux entrega curso pr\u00e1tico, certificado reconhecido e conex\u00e3o real com o mercado de trabalho. Sem enrola\u00e7\u00e3o. S\u00f3 resultado Conhe\u00e7a abaixo o Guia de [&hellip;]<\/p>\n","protected":false},"author":2,"featured_media":40159,"parent":0,"menu_order":0,"comment_status":"closed","ping_status":"closed","template":"elementor_header_footer","meta":{"_acf_changed":false,"footnotes":""},"categories":[],"class_list":["post-40155","page","type-page","status-publish","has-post-thumbnail","hentry"],"acf":[],"yoast_head":"<!-- This site is optimized with the Yoast SEO plugin v27.3 - https:\/\/yoast.com\/product\/yoast-seo-wordpress\/ -->\n<title>Evolu\u00e7\u00e3o de Carreira em TI - Cursos 4Linux<\/title>\n<meta name=\"description\" content=\"Descubra o roteiro ideal para sua evolu\u00e7\u00e3o profissional em TI com os cursos da 4Linux. Especialize-se em Cloud, DevOps, Containers, Linux, Monitoramento e Observabilidade, entre outras carreiras de TI!\" \/>\n<meta name=\"robots\" content=\"index, follow, max-snippet:-1, max-image-preview:large, max-video-preview:-1\" \/>\n<link rel=\"canonical\" href=\"https:\/\/4linux.com.br\/cursos\/carreira-ti-salario-em-alta-bem-pagas\/\" \/>\n<meta property=\"og:locale\" content=\"pt_BR\" \/>\n<meta property=\"og:type\" content=\"article\" \/>\n<meta property=\"og:title\" content=\"Evolu\u00e7\u00e3o de Carreira em TI - Cursos 4Linux\" \/>\n<meta property=\"og:description\" content=\"Descubra o roteiro ideal para sua evolu\u00e7\u00e3o profissional em TI com os cursos da 4Linux. Especialize-se em Cloud, DevOps, Containers, Linux, Monitoramento e Observabilidade, entre outras carreiras de TI!\" \/>\n<meta property=\"og:url\" content=\"https:\/\/4linux.com.br\/cursos\/carreira-ti-salario-em-alta-bem-pagas\/\" \/>\n<meta property=\"og:site_name\" content=\"Cursos 4Linux\" \/>\n<meta property=\"article:modified_time\" content=\"2025-08-08T16:47:03+00:00\" \/>\n<meta property=\"og:image\" content=\"https:\/\/4linux.com.br\/cursos\/wp-content\/uploads\/sites\/2\/2024\/12\/hero-img.webp\" \/>\n\t<meta property=\"og:image:width\" content=\"518\" \/>\n\t<meta property=\"og:image:height\" content=\"640\" \/>\n\t<meta property=\"og:image:type\" content=\"image\/webp\" \/>\n<meta name=\"twitter:card\" content=\"summary_large_image\" \/>\n<meta name=\"twitter:label1\" content=\"Est. tempo de leitura\" \/>\n\t<meta name=\"twitter:data1\" content=\"1 minuto\" \/>\n<script type=\"application\/ld+json\" class=\"yoast-schema-graph\">{\"@context\":\"https:\\\/\\\/schema.org\",\"@graph\":[{\"@type\":\"WebPage\",\"@id\":\"https:\\\/\\\/4linux.com.br\\\/cursos\\\/carreira-ti-salario-em-alta-bem-pagas\\\/\",\"url\":\"https:\\\/\\\/4linux.com.br\\\/cursos\\\/carreira-ti-salario-em-alta-bem-pagas\\\/\",\"name\":\"Evolu\u00e7\u00e3o de Carreira em TI - Cursos 4Linux\",\"isPartOf\":{\"@id\":\"https:\\\/\\\/4linux.com.br\\\/cursos\\\/#website\"},\"primaryImageOfPage\":{\"@id\":\"https:\\\/\\\/4linux.com.br\\\/cursos\\\/carreira-ti-salario-em-alta-bem-pagas\\\/#primaryimage\"},\"image\":{\"@id\":\"https:\\\/\\\/4linux.com.br\\\/cursos\\\/carreira-ti-salario-em-alta-bem-pagas\\\/#primaryimage\"},\"thumbnailUrl\":\"https:\\\/\\\/4linux.com.br\\\/cursos\\\/wp-content\\\/uploads\\\/sites\\\/2\\\/2024\\\/12\\\/hero-img.webp\",\"datePublished\":\"2024-12-12T20:27:37+00:00\",\"dateModified\":\"2025-08-08T16:47:03+00:00\",\"description\":\"Descubra o roteiro ideal para sua evolu\u00e7\u00e3o profissional em TI com os cursos da 4Linux. Especialize-se em Cloud, DevOps, Containers, Linux, Monitoramento e Observabilidade, entre outras carreiras de TI!\",\"breadcrumb\":{\"@id\":\"https:\\\/\\\/4linux.com.br\\\/cursos\\\/carreira-ti-salario-em-alta-bem-pagas\\\/#breadcrumb\"},\"inLanguage\":\"pt-BR\",\"potentialAction\":[{\"@type\":\"ReadAction\",\"target\":[\"https:\\\/\\\/4linux.com.br\\\/cursos\\\/carreira-ti-salario-em-alta-bem-pagas\\\/\"]}]},{\"@type\":\"ImageObject\",\"inLanguage\":\"pt-BR\",\"@id\":\"https:\\\/\\\/4linux.com.br\\\/cursos\\\/carreira-ti-salario-em-alta-bem-pagas\\\/#primaryimage\",\"url\":\"https:\\\/\\\/4linux.com.br\\\/cursos\\\/wp-content\\\/uploads\\\/sites\\\/2\\\/2024\\\/12\\\/hero-img.webp\",\"contentUrl\":\"https:\\\/\\\/4linux.com.br\\\/cursos\\\/wp-content\\\/uploads\\\/sites\\\/2\\\/2024\\\/12\\\/hero-img.webp\",\"width\":518,\"height\":640},{\"@type\":\"BreadcrumbList\",\"@id\":\"https:\\\/\\\/4linux.com.br\\\/cursos\\\/carreira-ti-salario-em-alta-bem-pagas\\\/#breadcrumb\",\"itemListElement\":[{\"@type\":\"ListItem\",\"position\":1,\"name\":\"Home\",\"item\":\"https:\\\/\\\/4linux.com.br\\\/cursos\\\/\"},{\"@type\":\"ListItem\",\"position\":2,\"name\":\"Evolu\u00e7\u00e3o de Carreira\"}]},{\"@type\":\"WebSite\",\"@id\":\"https:\\\/\\\/4linux.com.br\\\/cursos\\\/#website\",\"url\":\"https:\\\/\\\/4linux.com.br\\\/cursos\\\/\",\"name\":\"Cursos 4Linux\",\"description\":\"Open Software Specialists\",\"potentialAction\":[{\"@type\":\"SearchAction\",\"target\":{\"@type\":\"EntryPoint\",\"urlTemplate\":\"https:\\\/\\\/4linux.com.br\\\/cursos\\\/?s={search_term_string}\"},\"query-input\":{\"@type\":\"PropertyValueSpecification\",\"valueRequired\":true,\"valueName\":\"search_term_string\"}}],\"inLanguage\":\"pt-BR\"}]}<\/script>\n<!-- \/ Yoast SEO plugin. -->","yoast_head_json":{"title":"Evolu\u00e7\u00e3o de Carreira em TI - Cursos 4Linux","description":"Descubra o roteiro ideal para sua evolu\u00e7\u00e3o profissional em TI com os cursos da 4Linux. Especialize-se em Cloud, DevOps, Containers, Linux, Monitoramento e Observabilidade, entre outras carreiras de TI!","robots":{"index":"index","follow":"follow","max-snippet":"max-snippet:-1","max-image-preview":"max-image-preview:large","max-video-preview":"max-video-preview:-1"},"canonical":"https:\/\/4linux.com.br\/cursos\/carreira-ti-salario-em-alta-bem-pagas\/","og_locale":"pt_BR","og_type":"article","og_title":"Evolu\u00e7\u00e3o de Carreira em TI - Cursos 4Linux","og_description":"Descubra o roteiro ideal para sua evolu\u00e7\u00e3o profissional em TI com os cursos da 4Linux. Especialize-se em Cloud, DevOps, Containers, Linux, Monitoramento e Observabilidade, entre outras carreiras de TI!","og_url":"https:\/\/4linux.com.br\/cursos\/carreira-ti-salario-em-alta-bem-pagas\/","og_site_name":"Cursos 4Linux","article_modified_time":"2025-08-08T16:47:03+00:00","og_image":[{"width":518,"height":640,"url":"https:\/\/4linux.com.br\/cursos\/wp-content\/uploads\/sites\/2\/2024\/12\/hero-img.webp","type":"image\/webp"}],"twitter_card":"summary_large_image","twitter_misc":{"Est. tempo de leitura":"1 minuto"},"schema":{"@context":"https:\/\/schema.org","@graph":[{"@type":"WebPage","@id":"https:\/\/4linux.com.br\/cursos\/carreira-ti-salario-em-alta-bem-pagas\/","url":"https:\/\/4linux.com.br\/cursos\/carreira-ti-salario-em-alta-bem-pagas\/","name":"Evolu\u00e7\u00e3o de Carreira em TI - Cursos 4Linux","isPartOf":{"@id":"https:\/\/4linux.com.br\/cursos\/#website"},"primaryImageOfPage":{"@id":"https:\/\/4linux.com.br\/cursos\/carreira-ti-salario-em-alta-bem-pagas\/#primaryimage"},"image":{"@id":"https:\/\/4linux.com.br\/cursos\/carreira-ti-salario-em-alta-bem-pagas\/#primaryimage"},"thumbnailUrl":"https:\/\/4linux.com.br\/cursos\/wp-content\/uploads\/sites\/2\/2024\/12\/hero-img.webp","datePublished":"2024-12-12T20:27:37+00:00","dateModified":"2025-08-08T16:47:03+00:00","description":"Descubra o roteiro ideal para sua evolu\u00e7\u00e3o profissional em TI com os cursos da 4Linux. Especialize-se em Cloud, DevOps, Containers, Linux, Monitoramento e Observabilidade, entre outras carreiras de TI!","breadcrumb":{"@id":"https:\/\/4linux.com.br\/cursos\/carreira-ti-salario-em-alta-bem-pagas\/#breadcrumb"},"inLanguage":"pt-BR","potentialAction":[{"@type":"ReadAction","target":["https:\/\/4linux.com.br\/cursos\/carreira-ti-salario-em-alta-bem-pagas\/"]}]},{"@type":"ImageObject","inLanguage":"pt-BR","@id":"https:\/\/4linux.com.br\/cursos\/carreira-ti-salario-em-alta-bem-pagas\/#primaryimage","url":"https:\/\/4linux.com.br\/cursos\/wp-content\/uploads\/sites\/2\/2024\/12\/hero-img.webp","contentUrl":"https:\/\/4linux.com.br\/cursos\/wp-content\/uploads\/sites\/2\/2024\/12\/hero-img.webp","width":518,"height":640},{"@type":"BreadcrumbList","@id":"https:\/\/4linux.com.br\/cursos\/carreira-ti-salario-em-alta-bem-pagas\/#breadcrumb","itemListElement":[{"@type":"ListItem","position":1,"name":"Home","item":"https:\/\/4linux.com.br\/cursos\/"},{"@type":"ListItem","position":2,"name":"Evolu\u00e7\u00e3o de Carreira"}]},{"@type":"WebSite","@id":"https:\/\/4linux.com.br\/cursos\/#website","url":"https:\/\/4linux.com.br\/cursos\/","name":"Cursos 4Linux","description":"Open Software Specialists","potentialAction":[{"@type":"SearchAction","target":{"@type":"EntryPoint","urlTemplate":"https:\/\/4linux.com.br\/cursos\/?s={search_term_string}"},"query-input":{"@type":"PropertyValueSpecification","valueRequired":true,"valueName":"search_term_string"}}],"inLanguage":"pt-BR"}]}},"_links":{"self":[{"href":"https:\/\/4linux.com.br\/cursos\/wp-json\/wp\/v2\/pages\/40155","targetHints":{"allow":["GET"]}}],"collection":[{"href":"https:\/\/4linux.com.br\/cursos\/wp-json\/wp\/v2\/pages"}],"about":[{"href":"https:\/\/4linux.com.br\/cursos\/wp-json\/wp\/v2\/types\/page"}],"author":[{"embeddable":true,"href":"https:\/\/4linux.com.br\/cursos\/wp-json\/wp\/v2\/users\/2"}],"replies":[{"embeddable":true,"href":"https:\/\/4linux.com.br\/cursos\/wp-json\/wp\/v2\/comments?post=40155"}],"version-history":[{"count":2,"href":"https:\/\/4linux.com.br\/cursos\/wp-json\/wp\/v2\/pages\/40155\/revisions"}],"predecessor-version":[{"id":41342,"href":"https:\/\/4linux.com.br\/cursos\/wp-json\/wp\/v2\/pages\/40155\/revisions\/41342"}],"wp:featuredmedia":[{"embeddable":true,"href":"https:\/\/4linux.com.br\/cursos\/wp-json\/wp\/v2\/media\/40159"}],"wp:attachment":[{"href":"https:\/\/4linux.com.br\/cursos\/wp-json\/wp\/v2\/media?parent=40155"}],"wp:term":[{"taxonomy":"category","embeddable":true,"href":"https:\/\/4linux.com.br\/cursos\/wp-json\/wp\/v2\/categories?post=40155"}],"curies":[{"name":"wp","href":"https:\/\/api.w.org\/{rel}","templated":true}]}}